{"id":1517,"date":"2025-04-10T20:23:31","date_gmt":"2025-04-10T18:23:31","guid":{"rendered":"https:\/\/ociocreativo.com\/?page_id=1517"},"modified":"2025-04-23T20:01:58","modified_gmt":"2025-04-23T18:01:58","slug":"impresion-3d","status":"publish","type":"page","link":"https:\/\/ociocreativo.com\/?page_id=1517","title":{"rendered":"Impresi\u00f3n 3d"},"content":{"rendered":"\n<div class=\"wp-block-stackable-columns alignwide stk-block-columns stk-block stk-88ea420\" data-block-id=\"88ea420\"><div class=\"stk-row stk-inner-blocks stk-block-content stk-content-align stk-88ea420-column alignwide\">\n<div class=\"wp-block-stackable-column stk-block-column stk-column stk-block stk-aeb6fde\" data-v=\"4\" data-block-id=\"aeb6fde\"><div class=\"stk-column-wrapper stk-block-column__content stk-container stk-aeb6fde-container stk--no-background stk--no-padding\"><div class=\"stk-block-content stk-inner-blocks stk-aeb6fde-inner-blocks\">\n<div class=\"wp-block-stackable-text stk-block-text stk-block stk-6773306\" data-block-id=\"6773306\"><p class=\"stk-block-text__text has-text-align-center\">            <strong>Explora nuestra colecci\u00f3n de piezas impresas en 3D, dise\u00f1adas para combinar funcionalidad y creatividad. Desde elegantes objetos de decoraci\u00f3n hasta desafiantes juegos de l\u00f3gica, pr\u00e1cticos art\u00edculos de escritorio y modelos educativos. Cada pieza est\u00e1 fabricada con precisi\u00f3n para inspirar y enriquecer tu espacio y tu mente. Descubre c\u00f3mo la tecnolog\u00eda 3D puede transformar ideas en realidad tangible, aportando innovaci\u00f3n y estilo a tu d\u00eda a d\u00eda.<\/strong><\/p><\/div>\n\n\n\n<div class=\"wp-block-stackable-columns stk-block-columns stk-block stk-8193d5d\" data-block-id=\"8193d5d\"><div class=\"stk-row stk-inner-blocks stk-block-content stk-content-align stk-8193d5d-column\">\n<div class=\"wp-block-stackable-column stk-block-column stk-column stk-block stk-a518ca8\" data-v=\"4\" data-block-id=\"a518ca8\"><div class=\"stk-column-wrapper stk-block-column__content stk-container stk-a518ca8-container stk--no-background stk--no-padding\"><div class=\"stk-block-content stk-inner-blocks stk-a518ca8-inner-blocks\">\n<div class=\"wp-block-stackable-card stk-block-card stk-block stk-44756df is-style-default\" data-v=\"2\" data-block-id=\"44756df\"><div class=\"stk--no-padding stk-container stk-44756df-container stk-hover-parent\"><figure class=\"stk-block-card__image stk-img-wrapper stk-image--shape-stretch\"><img loading=\"lazy\" decoding=\"async\" class=\"stk-img wp-image-1305\" src=\"https:\/\/storage.googleapis.com\/stackable-plugin-assets\/library-v3\/section-wireframes-card-1\/a07f180261df.png\" width=\"500\" height=\"400\"\/><\/figure><div class=\"stk-container-padding stk-block-card__content\"><div class=\"stk-block-content stk-inner-blocks stk-44756df-inner-blocks\">\n<div class=\"wp-block-stackable-heading stk-block-heading stk-block-heading--v2 stk-block stk-24b3af0\" id=\"ocio\" data-block-id=\"24b3af0\"><style>.stk-24b3af0 {margin-bottom:16px !important;}<\/style><h3 class=\"stk-block-heading__text has-text-align-center\">OCIO<\/h3><\/div>\n\n\n\n<div class=\"wp-block-stackable-text stk-block-text stk-block stk-75e443d\" data-block-id=\"75e443d\"><style>.stk-75e443d {margin-bottom:8px !important;}<\/style><p class=\"stk-block-text__text\">Description for this block. Use this space for describing your block. Any text will do. Description for this block. <\/p><\/div>\n\n\n\n<div class=\"wp-block-stackable-button-group stk-block-button-group stk-block stk-bbf2d2d\" data-block-id=\"bbf2d2d\"><div class=\"stk-row stk-inner-blocks stk-block-content stk-button-group\">\n<div class=\"wp-block-stackable-button stk-block-button stk-block stk-4796ca4\" data-block-id=\"4796ca4\"><style>.stk-4796ca4 , .stk-4796ca4 .stk-button{width:100% !important;}.stk-4796ca4 {flex:1 0 var(--stk-button-group-flex-wrap, 0) !important;}.stk-4796ca4 .stk-button{background:var(--theme-palette-color-4, #131117) !important;}<\/style><a class=\"stk-link stk-button stk--hover-effect-darken\" href=\"\"><span class=\"stk-button__inner-text\">Ocio<\/span><\/a><\/div>\n<\/div><\/div>\n<\/div><\/div><\/div><\/div>\n<\/div><\/div><\/div>\n\n\n\n<div class=\"wp-block-stackable-column stk-block-column stk-column stk-block stk-8fd2569\" data-v=\"4\" data-block-id=\"8fd2569\"><div class=\"stk-column-wrapper stk-block-column__content stk-container stk-8fd2569-container stk--no-background stk--no-padding\"><div class=\"stk-block-content stk-inner-blocks stk-8fd2569-inner-blocks\">\n<div class=\"wp-block-stackable-card stk-block-card stk-block stk-3fea5b3 is-style-default\" data-v=\"2\" data-block-id=\"3fea5b3\"><div class=\"stk--no-padding stk-container stk-3fea5b3-container stk-hover-parent\"><figure class=\"stk-block-card__image stk-img-wrapper stk-image--shape-stretch\"><img loading=\"lazy\" decoding=\"async\" class=\"stk-img wp-image-1305\" src=\"https:\/\/storage.googleapis.com\/stackable-plugin-assets\/library-v3\/section-wireframes-card-1\/a07f180261df.png\" width=\"500\" height=\"400\"\/><\/figure><div class=\"stk-container-padding stk-block-card__content\"><div class=\"stk-block-content stk-inner-blocks stk-3fea5b3-inner-blocks\">\n<div class=\"wp-block-stackable-heading stk-block-heading stk-block-heading--v2 stk-block stk-a432120\" id=\"2\" data-block-id=\"a432120\"><style>.stk-a432120 {margin-bottom:16px !important;}<\/style><h3 class=\"stk-block-heading__text has-text-align-center\">DECORACI\u00d3N<\/h3><\/div>\n\n\n\n<div class=\"wp-block-stackable-text stk-block-text stk-block stk-32c2391\" data-block-id=\"32c2391\"><style>.stk-32c2391 {margin-bottom:8px !important;}<\/style><p class=\"stk-block-text__text\">Description for this block. Use this space for describing your block. Any text will do. Description for this block. <\/p><\/div>\n\n\n\n<div class=\"wp-block-stackable-button-group stk-block-button-group stk-block stk-58d29ab\" data-block-id=\"58d29ab\"><div class=\"stk-row stk-inner-blocks stk-block-content stk-button-group\">\n<div class=\"wp-block-stackable-button stk-block-button stk-block stk-b0c8dba\" data-block-id=\"b0c8dba\"><style>.stk-b0c8dba , .stk-b0c8dba .stk-button{width:100% !important;}.stk-b0c8dba {flex:1 0 var(--stk-button-group-flex-wrap, 0) !important;}.stk-b0c8dba .stk-button{background:var(--theme-palette-color-4, #131117) !important;}<\/style><a class=\"stk-link stk-button stk--hover-effect-darken\" href=\"\"><span class=\"stk-button__inner-text\">Decoraci\u00f3n<\/span><\/a><\/div>\n<\/div><\/div>\n<\/div><\/div><\/div><\/div>\n<\/div><\/div><\/div>\n\n\n\n<div class=\"wp-block-stackable-column stk-block-column stk-column stk-block stk-d3be9cb\" data-v=\"4\" data-block-id=\"d3be9cb\"><div class=\"stk-column-wrapper stk-block-column__content stk-container stk-d3be9cb-container stk--no-background stk--no-padding\"><div class=\"stk-block-content stk-inner-blocks stk-d3be9cb-inner-blocks\">\n<div class=\"wp-block-stackable-card stk-block-card stk-block stk-9da1904 is-style-default\" data-v=\"2\" data-block-id=\"9da1904\"><div class=\"stk--no-padding stk-container stk-9da1904-container stk-hover-parent\"><figure class=\"stk-block-card__image stk-img-wrapper stk-image--shape-stretch\"><img loading=\"lazy\" decoding=\"async\" class=\"stk-img wp-image-1305\" src=\"https:\/\/storage.googleapis.com\/stackable-plugin-assets\/library-v3\/section-wireframes-card-1\/a07f180261df.png\" width=\"500\" height=\"400\"\/><\/figure><div class=\"stk-container-padding stk-block-card__content\"><div class=\"stk-block-content stk-inner-blocks stk-9da1904-inner-blocks\">\n<div class=\"wp-block-stackable-heading stk-block-heading stk-block-heading--v2 stk-block stk-615cd1c\" id=\"educacion\" data-block-id=\"615cd1c\"><style>.stk-615cd1c {margin-bottom:16px !important;}<\/style><h3 class=\"stk-block-heading__text has-text-align-center\">EDUCACI\u00d3N<\/h3><\/div>\n\n\n\n<div class=\"wp-block-stackable-text stk-block-text stk-block stk-9fcd9ec\" data-block-id=\"9fcd9ec\"><style>.stk-9fcd9ec {margin-bottom:8px !important;}<\/style><p class=\"stk-block-text__text\">Description for this block. Use this space for describing your block. Any text will do. Description for this block. <\/p><\/div>\n\n\n\n<div class=\"wp-block-stackable-button-group stk-block-button-group stk-block stk-fb8b2a9\" data-block-id=\"fb8b2a9\"><div class=\"stk-row stk-inner-blocks stk-block-content stk-button-group\">\n<div class=\"wp-block-stackable-button stk-block-button stk-block stk-1b9e697\" data-block-id=\"1b9e697\"><style>.stk-1b9e697 , .stk-1b9e697 .stk-button{width:100% !important;}.stk-1b9e697 {flex:1 0 var(--stk-button-group-flex-wrap, 0) !important;}.stk-1b9e697 .stk-button{background:var(--theme-palette-color-4, #131117) !important;}<\/style><a class=\"stk-link stk-button stk--hover-effect-darken\" href=\"\"><span class=\"stk-button__inner-text\">Educaci\u00f3n<\/span><\/a><\/div>\n<\/div><\/div>\n<\/div><\/div><\/div><\/div>\n<\/div><\/div><\/div>\n<\/div><\/div>\n<\/div><\/div><\/div>\n<\/div><\/div>\n\n\n\n<div class=\"wp-block-stackable-columns alignwide stk-block-columns stk-block stk-00fca56\" data-block-id=\"00fca56\"><div class=\"stk-row stk-inner-blocks stk-block-content stk-content-align stk-00fca56-column alignwide\">\n<div class=\"wp-block-stackable-column stk-block-column stk-column stk-block stk-29d0c82\" data-v=\"4\" data-block-id=\"29d0c82\"><div class=\"stk-column-wrapper stk-block-column__content stk-container stk-29d0c82-container stk--no-background stk--no-padding\"><div class=\"stk-block-content stk-inner-blocks stk-29d0c82-inner-blocks\">\n<div class=\"wp-block-stackable-columns stk-block-columns stk-block stk-1a39dfd\" data-block-id=\"1a39dfd\"><div class=\"stk-row stk-inner-blocks stk-block-content stk-content-align stk-1a39dfd-column\">\n<div class=\"wp-block-stackable-column stk-block-column stk-column stk-block stk-96ba234\" data-v=\"4\" data-block-id=\"96ba234\"><div class=\"stk-column-wrapper stk-block-column__content stk-container stk-96ba234-container stk--no-background stk--no-padding\"><div class=\"stk-block-content stk-inner-blocks stk-96ba234-inner-blocks\">\n<div class=\"wp-block-stackable-card stk-block-card stk-block stk-078f259 is-style-default\" data-v=\"2\" data-block-id=\"078f259\"><div class=\"stk--no-padding stk-container stk-078f259-container stk-hover-parent\"><figure class=\"stk-block-card__image stk-img-wrapper stk-image--shape-stretch\"><img loading=\"lazy\" decoding=\"async\" class=\"stk-img wp-image-1305\" src=\"https:\/\/storage.googleapis.com\/stackable-plugin-assets\/library-v3\/section-wireframes-card-1\/a07f180261df.png\" width=\"500\" height=\"400\"\/><\/figure><div class=\"stk-container-padding stk-block-card__content\"><div class=\"stk-block-content stk-inner-blocks stk-078f259-inner-blocks\">\n<div class=\"wp-block-stackable-heading stk-block-heading stk-block-heading--v2 stk-block stk-02d4baf\" id=\"escritorio\" data-block-id=\"02d4baf\"><style>.stk-02d4baf {margin-bottom:16px !important;}<\/style><h3 class=\"stk-block-heading__text has-text-align-center\">ESCRITORIO<\/h3><\/div>\n\n\n\n<div class=\"wp-block-stackable-text stk-block-text stk-block stk-cbb2245\" data-block-id=\"cbb2245\"><style>.stk-cbb2245 {margin-bottom:8px !important;}<\/style><p class=\"stk-block-text__text\">Description for this block. Use this space for describing your block. Any text will do. Description for this block. <\/p><\/div>\n\n\n\n<div class=\"wp-block-stackable-button-group stk-block-button-group stk-block stk-2b2d978\" data-block-id=\"2b2d978\"><div class=\"stk-row stk-inner-blocks stk-block-content stk-button-group\">\n<div class=\"wp-block-stackable-button stk-block-button stk-block stk-9d6423e\" data-block-id=\"9d6423e\"><style>.stk-9d6423e , .stk-9d6423e .stk-button{width:100% !important;}.stk-9d6423e {flex:1 0 var(--stk-button-group-flex-wrap, 0) !important;}.stk-9d6423e .stk-button{background:var(--theme-palette-color-4, #131117) !important;}<\/style><a class=\"stk-link stk-button stk--hover-effect-darken\" href=\"\"><span class=\"stk-button__inner-text\">Escritorio<\/span><\/a><\/div>\n<\/div><\/div>\n<\/div><\/div><\/div><\/div>\n<\/div><\/div><\/div>\n\n\n\n<div class=\"wp-block-stackable-column stk-block-column stk-column stk-block stk-4d4f080\" data-v=\"4\" data-block-id=\"4d4f080\"><div class=\"stk-column-wrapper stk-block-column__content stk-container stk-4d4f080-container stk--no-background stk--no-padding\"><div class=\"stk-block-content stk-inner-blocks stk-4d4f080-inner-blocks\">\n<div class=\"wp-block-stackable-card stk-block-card stk-block stk-76250aa is-style-default\" data-v=\"2\" data-block-id=\"76250aa\"><div class=\"stk--no-padding stk-container stk-76250aa-container stk-hover-parent\"><figure class=\"stk-block-card__image stk-img-wrapper stk-image--shape-stretch\"><img loading=\"lazy\" decoding=\"async\" class=\"stk-img wp-image-1305\" src=\"https:\/\/storage.googleapis.com\/stackable-plugin-assets\/library-v3\/section-wireframes-card-1\/a07f180261df.png\" width=\"500\" height=\"400\"\/><\/figure><div class=\"stk-container-padding stk-block-card__content\"><div class=\"stk-block-content stk-inner-blocks stk-76250aa-inner-blocks\">\n<div class=\"wp-block-stackable-heading stk-block-heading stk-block-heading--v2 stk-block stk-d7f758f\" id=\"2\" data-block-id=\"d7f758f\"><style>.stk-d7f758f {margin-bottom:16px !important;}<\/style><h3 class=\"stk-block-heading__text has-text-align-center\"><\/h3><\/div>\n\n\n\n<div class=\"wp-block-stackable-text stk-block-text stk-block stk-221c27e\" data-block-id=\"221c27e\"><style>.stk-221c27e {margin-bottom:8px !important;}<\/style><p class=\"stk-block-text__text\">Description for this block. Use this space for describing your block. Any text will do. Description for this block. <\/p><\/div>\n\n\n\n<div class=\"wp-block-stackable-button-group stk-block-button-group stk-block stk-342564d\" data-block-id=\"342564d\"><div class=\"stk-row stk-inner-blocks stk-block-content stk-button-group\">\n<div class=\"wp-block-stackable-button stk-block-button stk-block stk-dd7c5b8\" data-block-id=\"dd7c5b8\"><style>.stk-dd7c5b8 , .stk-dd7c5b8 .stk-button{width:100% !important;}.stk-dd7c5b8 {flex:1 0 var(--stk-button-group-flex-wrap, 0) !important;}.stk-dd7c5b8 .stk-button{background:var(--theme-palette-color-4, #131117) !important;}<\/style><a class=\"stk-link stk-button stk--hover-effect-darken\" href=\"\"><span class=\"stk-button__inner-text\"><\/span><\/a><\/div>\n<\/div><\/div>\n<\/div><\/div><\/div><\/div>\n<\/div><\/div><\/div>\n\n\n\n<div class=\"wp-block-stackable-column stk-block-column stk-column stk-block stk-96bd580\" data-v=\"4\" data-block-id=\"96bd580\"><div class=\"stk-column-wrapper stk-block-column__content stk-container stk-96bd580-container stk--no-background stk--no-padding\"><div class=\"stk-block-content stk-inner-blocks stk-96bd580-inner-blocks\">\n<div class=\"wp-block-stackable-card stk-block-card stk-block stk-4dcd1ac is-style-default\" data-v=\"2\" data-block-id=\"4dcd1ac\"><div class=\"stk--no-padding stk-container stk-4dcd1ac-container stk-hover-parent\"><figure class=\"stk-block-card__image stk-img-wrapper stk-image--shape-stretch\"><img loading=\"lazy\" decoding=\"async\" class=\"stk-img wp-image-1305\" src=\"https:\/\/storage.googleapis.com\/stackable-plugin-assets\/library-v3\/section-wireframes-card-1\/a07f180261df.png\" width=\"500\" height=\"400\"\/><\/figure><div class=\"stk-container-padding stk-block-card__content\"><div class=\"stk-block-content stk-inner-blocks stk-4dcd1ac-inner-blocks\">\n<div class=\"wp-block-stackable-heading stk-block-heading stk-block-heading--v2 stk-block stk-4122bb8\" data-block-id=\"4122bb8\"><style>.stk-4122bb8 {margin-bottom:16px !important;}<\/style><h3 class=\"stk-block-heading__text has-text-align-center\"><\/h3><\/div>\n\n\n\n<div class=\"wp-block-stackable-text stk-block-text stk-block stk-ec42005\" data-block-id=\"ec42005\"><style>.stk-ec42005 {margin-bottom:8px !important;}<\/style><p class=\"stk-block-text__text\">Description for this block. Use this space for describing your block. Any text will do. Description for this block. <\/p><\/div>\n\n\n\n<div class=\"wp-block-stackable-button-group stk-block-button-group stk-block stk-6aaa3c9\" data-block-id=\"6aaa3c9\"><div class=\"stk-row stk-inner-blocks stk-block-content stk-button-group\">\n<div class=\"wp-block-stackable-button stk-block-button stk-block stk-41a3902\" data-block-id=\"41a3902\"><style>.stk-41a3902 , .stk-41a3902 .stk-button{width:100% !important;}.stk-41a3902 {flex:1 0 var(--stk-button-group-flex-wrap, 0) !important;}.stk-41a3902 .stk-button{background:var(--theme-palette-color-4, #131117) !important;}<\/style><a class=\"stk-link stk-button stk--hover-effect-darken\" href=\"\"><span class=\"stk-button__inner-text\"><\/span><\/a><\/div>\n<\/div><\/div>\n<\/div><\/div><\/div><\/div>\n<\/div><\/div><\/div>\n<\/div><\/div>\n<\/div><\/div><\/div>\n<\/div><\/div>\n\n\n\n<p><\/p>\n","protected":false},"excerpt":{"rendered":"<p>Explora nuestra colecci\u00f3n de piezas impresas en 3D, dise\u00f1adas para combinar funcionalidad y creatividad. Desde elegantes objetos de decoraci\u00f3n hasta desafiantes juegos de l\u00f3gica, pr\u00e1cticos art\u00edculos de escritorio y modelos educativos. Cada pieza est\u00e1 fabricada con precisi\u00f3n para inspirar y enriquecer tu espacio y tu mente. Descubre c\u00f3mo la tecnolog\u00eda 3D puede transformar ideas en [&hellip;]<\/p>\n","protected":false},"author":1,"featured_media":0,"parent":0,"menu_order":0,"comment_status":"closed","ping_status":"closed","template":"","meta":{"footnotes":""},"class_list":["post-1517","page","type-page","status-publish","hentry"],"blocksy_meta":[],"_links":{"self":[{"href":"https:\/\/ociocreativo.com\/index.php?rest_route=\/wp\/v2\/pages\/1517","targetHints":{"allow":["GET"]}}],"collection":[{"href":"https:\/\/ociocreativo.com\/index.php?rest_route=\/wp\/v2\/pages"}],"about":[{"href":"https:\/\/ociocreativo.com\/index.php?rest_route=\/wp\/v2\/types\/page"}],"author":[{"embeddable":true,"href":"https:\/\/ociocreativo.com\/index.php?rest_route=\/wp\/v2\/users\/1"}],"replies":[{"embeddable":true,"href":"https:\/\/ociocreativo.com\/index.php?rest_route=%2Fwp%2Fv2%2Fcomments&post=1517"}],"version-history":[{"count":18,"href":"https:\/\/ociocreativo.com\/index.php?rest_route=\/wp\/v2\/pages\/1517\/revisions"}],"predecessor-version":[{"id":1893,"href":"https:\/\/ociocreativo.com\/index.php?rest_route=\/wp\/v2\/pages\/1517\/revisions\/1893"}],"wp:attachment":[{"href":"https:\/\/ociocreativo.com\/index.php?rest_route=%2Fwp%2Fv2%2Fmedia&parent=1517"}],"curies":[{"name":"wp","href":"https:\/\/api.w.org\/{rel}","templated":true}]}}